be r(105). Calculate the greatest common divisor of 7 and j.
7
Let j(b) = -16*b - 15*b**2 - 1 + 2*b**3 - 3*b**3 + 3 + 2*b**3. Let f be j(16). Suppose 0 = -f*c + 29 - 7. What is the greatest common divisor of 88 and c?
11
Suppose 4*n + 74 = -5*s + 1780, 0 = -2*n + 8. What is the greatest common divisor of s and 1222?
26
Suppose -21*i + 14*i + 847 = 0. Let l = -56 + i. Calculate the highest common factor of l and 455.
65
Let h(u) = 3*u**2 + 22*u + 44. Let t(j) = -4*j**2 - 25*j - 43. Let s(g) = 3*h(g) + 2*t(g). Let k be s(-13). Calculate the greatest common divisor of k and 9.
1
Let r = -1901 - -1914. Calculate the highest common factor of r and 8359.
13
Let f = -482 - -418. Let g be (-2080)/f - (2 + (-3)/2). What is the highest common divisor of g and 800?
32
Let a(o) = -296*o - 655. Let k be a(-16). What is the highest common factor of k and 231?
77
Suppose 5*c = 6*c - 3. Suppose c*l + 57 = 2*l + 2*r, 0 = -5*l - 5*r - 300. Let y = 68 + l. Calculate the greatest common factor of y and 36.
9
Let s = -95 + 100. Let d(f) = 87*f + 46. Let n be d(s). Calculate the greatest common factor of n and 13.
13
Let j = -14620 + 14626. What is the highest common divisor of 3522 and j?
6
Let d(p) = 32*p - 10*p**2 + 36 - 43*p - 8*p**2 - 13*p - p**3. Let s be d(-17). What is the greatest common factor of s and 62?
31
Let q be 198/((-30)/16*(-5 - (-230)/50)). What is the highest common divisor of 192 and q?
24
Let h = 3156 + -2134. Calculate the highest common factor of 28 and h.
14
Suppose -3*j - z = 11 - 85, 20 = -5*z. Suppose 1328 = 3*a - r, 0 = -5*r - 13 + 3. Calculate the highest common divisor of j and a.
26
Suppose 5*z + 481 = 6321. Calculate the greatest common divisor of 146 and z.
146
Let l(p) = p**3 + 3*p**2 - 26*p + 28. Let m be l(5). Calculate the highest common factor of m and 154.
14
Let k(j) = -j**3 - 12*j**2 + 14*j + 17. Let a be k(-13). Let u be 2 - (2 - -3) - -3. Let l = u + 4. What is the highest common divisor of l and a?
4
Let b(g) = 158*g + 5020. Let t be b(-31). Calculate the highest common divisor of t and 11773.
61
Let j(q) be the first derivative of -q**4/4 - 19*q**3/3 - 37*q**2/2 - 3*q + 9. Let h be j(-17). What is the greatest common factor of 24 and h?
24
Suppose -15*g + 13597 + 4748 = 0. Suppose -24*w + 337 = -g. What is the highest common factor of w and 1105?
65
Let c = 6655 - 6597. Let d = -75 + 133. Calculate the greatest common factor of d and c.
58
Let u(x) = 2195*x - 15359. Let j be u(7). Let r be (-2)/(-4)*(102 - 2). Calculate the greatest common divisor of r and j.
2
Suppose -t + 238 = 61. Suppose -2*d = j - 39, 4*d - t = 10*j - 15*j. Let i = 115 - 16. What is the greatest common factor of i and j?
33
Let u = -1 + 2. Let z be (1188/132)/(3/10). Let y be 3 - -2*z/20. What is the greatest common factor of y and u?
1
Let v = 45 + -43. Let m be v/(1*2/(-20)). Let t = -10 - m. What is the highest common divisor of 35 and t?
5
Let x(y) = -y**3 - 19*y**2 + 358*y + 136. Let l be x(-34). What is the highest common factor of l and 546?
78
Let m be (6/(-14))/((-30)/210). Let j = -400 - -403. Calculate the highest common divisor of j and m.
3
Let n be 99/6 + 3/(-6). Suppose 892 = y - 3*o, -5*y = -3*o - 1170 - 3290. Let s be y/14 + (3 - 19/7). What is the highest common factor of n and s?
16
Let u be (1 - -4544 - (-2 + -5)) + 3. Calculate the highest common divisor of u and 5.
5
Suppose q - 28 = -152. Let z = q - -32. Let m be (-10)/(-5)*(-1)/2 - z. Calculate the highest common divisor of m and 13.
13
Let k(t) = -3*t**3 - 2*t**2 - 3*t - 2. Let w be k(-3). Let a be (-10)/(30/(-177)) - 3. What is the highest common divisor of a and w?
14
Let t be (-3)/((-23338)/2912 - -8). What is the greatest common factor of 130 and t?
26
Suppose 0 = -44*k + 3598 + 3178. Calculate the greatest common factor of k and 154.
154
Let d(k) = k**2 - 35*k + 53. Let j be d(24). Let y = j - -326. Let l = -91 + y. Calculate the highest common divisor of l and 96.
24
Let g(t) = t + 1. Let d be g(5). Let r = 210 - 141. Suppose r + 33 = d*p. What is the highest common factor of 85 and p?
17
Let v be (-84)/24*2256/(-28). Suppose -36*k + 402 = -v. Let l(h) = h**2 + 3. Let n be l(4). What is the greatest common divisor of n and k?
19
Let z(a) = 13*a**2 - 345*a + 77. Let u be z(46). What is the highest common factor of 165 and u?
165
Let y = 60 + 25. Let i be 4/10 - (-27081)/y. Suppose -x = -0*x - i. Calculate the greatest common divisor of 29 and x.
29
Suppose w + 153 - 182 = 0. Suppose -w = -3*q + 184. What is the greatest common divisor of q and 71?
71
Let k(d) = -116*d**3 - 5*d**2 + 6*d - 3. Let m be k(-2). Calculate the highest common factor of m and 141.
47
Let z = -22738 + 22813. Calculate the highest common factor of z and 20325.
75
Suppose 3*s - 18 = -r, 62*s = 67*s - 2*r - 41. Calculate the greatest common factor of s and 94.
1
Suppose 2*u + 6869 = 5*y, -u + 1823 + 5055 = 5*y. Calculate the highest common factor of 44 and y.
11
Let x be (299936/(-72))/(-14) - (-4)/9. Let q = 324 - x. Calculate the highest common factor of q and 221.
13
Let z be 3/15 + 19147851/1245. What is the highest common divisor of 20 and z?
20
Let d be 80/(-48)*(-9)/15. Let q be (25 + -24)/(d/202). What is the highest common divisor of 2 and q?
2
Let z(i) = 2*i**2 - 2. Let w be z(3). Suppose -12*b - 4682 = 358. Let y = -412 - b. Calculate the highest common divisor of w and y.
8
Let d(q) = -q**3 + 15*q**2 - 27*q + 10. Let m be d(13). Let s be (-1)/m - 33270/(-90). What is the greatest common divisor of 10 and s?
10
Let i(k) = 2 - 3*k + 0*k**3 - 21*k**3 - 12*k + 20*k + 2*k**2. Let n be i(-2). Calculate the highest common factor of 280 and n.
56
Suppose 3*k = l + 5456, -90*k - 2*l = -87*k - 5468. Calculate the highest common factor of 140 and k.
140
Let y(w) = -w**3 - 6*w**2 - w + 8. Let i be y(-6). Let x = -16492 - -16611. What is the greatest common divisor of x and i?
7
Let k be (5 + 2)*(4 - 24/7). Suppose 5*u = -15, -k*b + 5*b - 5 = 2*u. Let p be -4*b/8*46. Calculate the highest common factor of 46 and p.
23
Let k(f) = -f**2 - 16*f + 6. Let n be k(-16). Let j = -1052 - -1166. Calculate the highest common divisor of n and j.
6
Let t be (15/1 - -1)*(-39)/(-12). Suppose 2*v + 11*v = t. Calculate the highest common divisor of v and 18.
2
Suppose 0 = -761*f + 757*f + 184. Suppose 3*j - 102 = 4*a, 4*j = -a + f + 71. What is the greatest common divisor of 12 and j?
6
Let n = 82 - -307. Let l = 391 - n. Let r be (2 + -1)*(1 + 5). What is the highest common factor of r and l?
2
Let w be ((-21)/14)/((-2)/4). Let g = -7819 - -7897. What is the greatest common divisor of w and g?
3
Suppose 230*g + 7016 = 15298 + 18628. Calculate the highest common divisor of 1053 and g.
117
Suppose -3*p - 5*q - 2 = 0, -6*q = -5*p - q + 50. Suppose -2*g = p*g - 160. What is the highest common divisor of g and 12?
4
Let r = 832 + -1209. Let m = r - -541. Calculate the highest common factor of 8 and m.
4
Let g(p) be the third derivative of 0 + 2/15*p**5 + 0*p - 1/8*p**4 + 0*p**3 - 8*p**2. Let i be g(-2). Calculate the highest common factor of i and 304.
38
Let z(m) = -m**2 - 6*m + 8. Let g be z(-4). Suppose 0*u + 3*a + g = 5*u, 2*u - 22 = -4*a. What is the greatest common factor of 20 and u?
5
Let o = 2 + 2. Suppose -14*t + 56 = -0*t. Suppose 3*k - 43 = -3*i + 68, 164 = t*k - o*i. Calculate the highest common factor of 26 and k.
13
Let b = -646677 - -646695. Suppose 0 = 2*t + t - 144. Calculate the highest common divisor of b and t.
6
Let a(x) = 5*x**3 - 13*x**2 - 10*x + 36. Let j(f) = f**3 + f. Let q(t) = a(t) - 4*j(t). Let i be q(14). Calculate the highest common factor of 144 and i.
36
Suppose 255*a = 258*a - 18, 3*w - 3*a - 2466 = 0. Calculate the greatest common divisor of 144 and w.
36
Suppose 0 = -2*k - 48 + 148. Let f(t) = -5*t - 3*t + 2*t - 20 + 4*t. Let g be f(-20). What is the greatest common factor of k and g?
10
Suppose -906 = -5*l + 2*c, 4*l = -3*c - 207 + 941. Let s = l - 46. Let p be (-1)/(-2 - (-66)/34). What is the highest common divisor of s and p?
17
Suppose 0 = 3*s - 7*f + 4*f - 63, 0 = s + 5*f - 39. Let p = -641 + 905. Calculate the greatest common factor of s and p.
24
Suppose 0 = -4*t - h + 555 + 965, 0 = -5*t + 5*h + 1925. Let r = 465 - t. What is the highest common factor of r and 21?
21
